 265967 a multiple of 41?
True
Is 89286 a multiple of 69?
True
Is 213 a factor of 1896158?
False
Is 12 a factor of 6683201?
False
Does 14 divide 2116422?
True
Is 938148 a multiple of 140?
False
Does 10 divide 4760?
True
Is 6019716 a multiple of 6?
True
Is 1573935 a multiple of 55?
True
Is 4450 a multiple of 50?
True
Does 109 divide 1336449?
True
Is 373692 a multiple of 47?
False
Does 17 divide 303858?
True
Is 935 a factor of 32831590?
True
Is 4115900 a multiple of 521?
True
Is 566250 a multiple of 15?
True
Is 77 a factor of 301455?
True
Does 16 divide 8048000?
True
Does 355 divide 61415?
True
Is 152904 a multiple of 6?
True
Does 68 divide 3919520?
True
Does 432 divide 1592499?
False
Is 143 a factor of 30542?
False
Does 1003 divide 842706?
False
Is 214 a factor of 138030?
True
Is 212 a factor of 2186457?
False
Is 410734 a multiple of 5?
False
Is 366060 a multiple of 14?
False
Is 55 a factor of 104332?
False
Is 437 a factor of 4209621?
True
Is 13 a factor of 182962?
True
Is 47 a factor of 5040703?
True
Is 1701826 a multiple of 17?
False
Does 173 divide 72959?
False
Is 69432 a multiple of 33?
True
Is 531 a factor of 2405834?
False
Is 2 a factor of 44866?
True
Does 5 divide 42376?
False
Does 34 divide 515273?
False
Is 13 a factor of 2707816?
False
Does 238 divide 4700738?
True
Is 57 a factor of 32739?
False
Does 217 divide 2296688?
False
Does 5 divide 637601?
False
Is 6589100 a multiple of 25?
True
Is 365180 a multiple of 620?
True
Does 416 divide 1259052?
False
Is 126576 a multiple of 48?
True
Is 545 a factor of 529571?
False
Does 287 divide 2587879?
True
Is 26 a factor of 17600856?
True
Is 5257329 a multiple of 72?
False
Does 47 divide 579322?
True
Does 29 divide 143705?
False
Is 346183 a multiple of 653?
False
Is 6509 even?
False
Is 60 a factor of 1679340?
True
Is 35265 a multiple of 9?
False
Is 1018668 a multiple of 28?
True
Is 1610005 a multiple of 55?
False
Is 283050 a multiple of 333?
True
Is 20425 a multiple of 347?
False
Is 67 a factor of 123548?
True
Is 29601 a multiple of 73?
False
Does 110 divide 257241?
False
Is 293271 a multiple of 11?
True
Is 3 a factor of 91006?
False
Does 4 divide 108136?
True
Is 70760 a multiple of 145?
True
Does 44 divide 5756066?
False
Does 63 divide 366282?
True
Is 22 a factor of 1498040?
False
Does 13 divide 816420?
False
Is 49 a factor of 1009008?
True
Is 1349078 a multiple of 2138?
True
Is 145447 a multiple of 37?
True
Does 72 divide 48816?
True
Does 39 divide 221330?
False
Does 121 divide 80586?
True
Is 1035486 a multiple of 6?
True
Is 83594 a multiple of 14?
True
Is 6 a factor of 45624?
True
Does 118 divide 294314?
False
Is 333 a factor of 352314?
True
Is 14 a factor of 166166?
True
Is 191 a factor of 108679?
True
Is 1378533 a multiple of 39?
True
Does 338 divide 3814?
False
Does 182 divide 434616?
True
Is 7 a factor of 9208065?
False
Is 55063 a multiple of 41?
True
Is 41 a factor of 282194?
False
Is 71489 a multiple of 66?
False
Is 13 a factor of 875472?
True
Is 24534672 a multiple of 428?
True
Does 62 divide 27342?
True
Is 727302 a multiple of 435?
False
Is 256 a factor of 61184?
True
Is 42 a factor of 71072?
False
Does 48 divide 320253?
False
Does 50 divide 707183?
False
Is 411 a factor of 590829?
False
Does 37 divide 254652?
False
Does 113 divide 3306743?
False
Is 48 a factor of 1141056?
True
Is 354952 a multiple of 11?
False
Is 4024902 a multiple of 5?
False
Does 982 divide 7413118?
True
Is 16 a factor of 551104?
True
Does 246 divide 30569436?
True
Does 51 divide 68233?
False
Is 38145 a multiple of 15?
True
Is 28 a factor of 65040?
False
Is 1782 a multiple of 312?
False
Is 461 a factor of 5663705?
False
Is 543417 a multiple of 3?
True
Does 9 divide 187678?
False
Is 17175616 a multiple of 2811?
False
Is 26696 a multiple of 8?
True
Is 140 a factor of 4989957?
False
Does 23 divide 35719?
True
Is 69 a factor of 824067?
True
Is 348011 a multiple of 13?
False
Does 159 divide 40545?
True
Is 458978 a multiple of 254?
True
Does 19 divide 11779017?
False
Is 102 a factor of 262393?
False
Does 11 divide 364804?
True
Is 344 a factor of 18147610?
False
Is 2553371 a multiple of 185?
False
Is 10 a factor of 3751170?
True
Is 276621 a multiple of 211?
True
Is 17166256 a multiple of 17?
False
Is 4321879 a multiple of 966?
False
Is 337640 a multiple of 184?
True
Is 1993386 a multiple of 837?
False
Does 526 divide 1179292?
True
Is 31 a factor of 945717?
True
Is 7 a factor of 71057?
True
Is 547640 a multiple of 4?
True
Does 23 divide 417612?
False
Does 110 divide 85662?
False
Does 75 divide 75336?
False
Does 76 divide 224656?
True
Does 377 divide 4847949?
False
Does 499 divide 5005469?
True
Does 33 divide 6645085?
False
Does 519 divide 150510?
True
Is 547 a factor of 543718?
True
Is 40 a factor of 348703?
False
Does 14 divide 564564?
True
Does 736 divide 3815710?
False
Is 7142216 a multiple of 478?
False
Is 279057 a multiple of 34?
False
Does 36 divide 958248?
True
Does 76 divide 2608553?
False
Does 32 divide 461106?
False
Does 1109 divide 6095667?
False
Is 1632281 a multiple of 28?
False
Is 454566 a multiple of 82?
False
Is 18 a factor of 1138843?
False
Is 5 a factor of 3512640?
True
Is 716573 a multiple of 756?
False
Does 273 divide 2648896?
False
Is 18030 a multiple of 6?
True
Is 456642 a multiple of 428?
False
Is 26 a factor of 24911?
False
Is 1891893 a multiple of 2?
False
Is 308334 a multiple of 33?
False
Is 23 a factor of 74083?
True
Does 346 divide 38752?
True
Is 3 a factor of 149355?
True
Is 1767576 a multiple of 38?
False
Does 84 divide 33406?
False
Does 35 divide 9627380?
True
Does 236 divide 350696?
True
Is 11 a factor of 17025621?
False
Is 18094599 a multiple of 15?
False
Does 7 divide 1184939?
True
Is 19760 a multiple of 286?
False
Does 18 divide 150492?
False
Does 28 divide 54459?
False
Is 14 a factor of 406451?
False
Does 49 divide 5062435?
True
Does 34 divide 248251?
False
Is 992 a factor of 564448?
True
Does 1012 divide 1110037?
False
Is 21311812 a multiple of 68?
True
Is 771573 a multiple of 55?
False
Is 130 a factor of 1341717?
False
Is 10380246 a multiple of 491?
False
Is 110110 a multiple of 154?
True
Does 19 divide 74081?
True
Does 5 divide 1400216?
False
Does 168 divide 286104?
True
Is 411684 a multiple of 13?
True
Is 5 a factor of 243438?
False
Is 11 a factor of 442922?
False
Is 40 a factor of 22263?
False
Is 2229455 a multiple of 315?
False
Is 278358 a multiple of 11?
False
Does 8 divide 6371757?
False
Is 497 a factor of 2589740?
False
Is 40 a factor of 82310?
False
Does 8 divide 209733?
False
Does 27 divide 1330201?
False
Is 13 a factor of 727204?
False
Is 4496496 a multiple of 805?
False
Does 66 divide 4892448?
True
Is 551655 a multiple of 195?
True
Is 633 a factor of 667182?
True
Is 4736 a multiple of 8?
True
Is 1775232 a multiple of 184?
True
Is 978905 even?
False
Is 8083880 a multiple of 140?
True
Is 160310 a multiple of 19?
False
Does 81 divide 353704?
False
Is 13 a factor of 82339?
False
Is 18832 a multiple of 5?
False
Is 439 a factor of 195522?
False
Does 64 divide 24097?
False
Does 111 divide 130490?
False
Is 10 a factor of 17487852?
False
Is 427676 a multiple of 4?
True
Is 325655 a multiple of 11?
True
Does 124 divide 87860?
False
Is 2892136 a multiple of 10?
False
Does 616 divide 1513512?
True
Does 9 divide 784443?
False
Is 99904 a multiple of 64?
True
Is 12 a factor of 6094692?
True
Is 772 a factor of 2813168?
True
Is 112 a factor of 1420773?
False
Does 91 divide 69251?
True
Does 5 divide 315945?
True
Does 6 divide 3514?
False
Does 59 divide 1533294?
False
Is 565 a factor of 283798?
False
Is 15065710 a multiple of 354?
False
Does 28 divide 154471?
False
Is 1754658 a multiple of 52?
False
Does 39 divide 189584?
False
Is 23 a factor of 145061?
True
Is 95 a factor of 128900?
False
Is 127 a factor of 13624814?
True
Is 36720 a multiple of 16?
True
Is 1327337 a multiple of 10?
False
Is 33 a factor of 37116832?
False
Does 199 divide 854227?
False
Is 875898 a multiple of 6?
True
Is 194 a factor of 5871956?
False
Is 528 a factor of 4747776?
True
Is 15 a factor of 241254?
False
Is 1954487 a multiple of 580?
False
Does 258 divide 590046?
True
Is 895999 a multiple of 657?
False
Does 6 divide 936384?
True
Does 13 divide 2212950?
False
Is 3105660 a multiple of 20?
True
Is 51 a factor of 151714